).
-52
Evaluate -54 - -66 - (-22 - (1 - ((-7 - 0) + 8))).
34
What is (-2 - -3) + 12 - (-5 - (-6 - 10))?
2
Calculate 1037 + -977 - (-11 - -5 - 27).
93
What is (83 - 0) + 2 + (-7 - (21 - (-19 - -42)))?
80
What is (-40 - (-17 + 8 + -11)) + 33?
13
What is (-34 - (50 - 104)) + 7?
27
What is -2 + -28 - (-687 + 627) - 179?
-149
What is -70 - -48 - -85 - 160?
-97
What is the value of (35 + 32 - (-1 - -33)) + -32?
3
What is 16 - (-5 - -28 - 4) - (1 - (1 + -55))?
-58
What is -28 + (-10 + -2 + 11 - -11) - 13?
-31
What is the value of (-1512 - -1506) + 1 + -5?
-10
Calculate -8 - ((11 - -13) + (8 - -15)).
-55
What is 6 + (-60 - 9) - (39 - 58)?
-44
What is -13 + -34 + 17 - -25 - -42?
37
Calculate (398 - 389) + -4 + 53 - -4.
62
What is 0 - 14 - -2 - (-2 + 17 + -85 - -13)?
45
-27 - ((1 - 9) + 248 + -228)
-39
Evaluate -34 - (-127 - (-66 - 11)).
16
What is the value of 6 + -59 + 73 + 48?
68
-28 + (15 - (7 - (11 - 8)) - 2)
-19
Evaluate (-4 + 0 - 13) + (-54 - (-76 + -67)).
72
What is the value of -7 + 27 + -7 - (10 - -112)?
-109
Calculate -15 - ((-23 - 0) + (-481 - -465)).
24
Evaluate (736 - 709) + -18 + 0 + -40.
-31
Calculate -5 + ((-1 + 12 - -1) + 0 - 13).
-6
Evaluate (-16 - -22) + 33 + -6 + -2.
31
0 + -4 - (13 + (-14 + 4 + 4 - 56))
45
Calculate -12 + (-6 - (-76 - -32)) - 24.
2
Evaluate -11 + 19 + 18 + -5 - 37 - 17.
-33
What is 11 + -27 + (-16 + -44 - -22)?
-54
What is 6 - (15 + 50 + -62)?
3
Evaluate 5526 + -5550 - (1 - -83).
-108
Evaluate (54 + -59 - (-3 + -16)) + -10 - -17.
21
What is -5 + -40 + (-179 - -123)?
-101
-30 + (10 + -38 - -5 - -87)
34
What is 7 - -104 - (126 + -70)?
55
Calculate 13 + (-122 + 130 - (4 - (-2 - (0 - -62)))).
-47
Calculate 1 + -6 + 63 + (-110 - -106).
54
What is 32 + -29 - ((-5 - 4) + (6 - 5 - -5))?
6
104 - -4 - 99 - 14
-5
Calculate 12 + (-19 + 7 + -11 + 39 - (1 - -12)).
15
4 - 11 - -117 - (1 - 6 - (79 - 79))
115
What is the value of (68 - 67) + 59 - ((2 - 3) + 7 - 2)?
56
What is the value of -19 + 1 + -7 + -7 - -103?
71
(-3 - -13) + -1 + -5 + -36 + 3 + -3
-32
(-12 + (-27 - -21) - -32) + (-41 - 0)
-27
0 + (-23 - 7 - -53 - -28)
51
-12 + (14 - 124 - 8) + (-3 - -11) - -11
-111
Calculate -23 + 6 + -1 + 1 + (-26 - (-16 + -17)).
-10
-7160 + 7001 + 188 + 2
31
-20 - ((-1 - 30) + -893 + 893)
11
What is the value of -722 - -649 - (5 - (22 + 5))?
-51
Evaluate -131 + (-24 - (-101 - -55)).
-109
0 - (8 + -4 + (1 - -24)) - -9
-20
2 - 156 - (422 + -467)
-109
What is (-142 - -144) + -3 + 0 + -1 + -92?
-94
Evaluate -39 - (-3 + (-19 - 42)).
25
What is (4 + -7 - 56 - 0) + -33 + (-3 - -45)?
-50
Evaluate -712 + 704 + 1 + 24.
17
What is the value of (-209 - -9) + 179 - (-1 - -37)?
-57
What is the value of 8 + -37 + -12 + 35 + (-3 - -1 - -48)?
40
Evaluate -1 - -36 - (-87 + -4 + 100) - (-2 - -3).
25
What is the value of -92 + 110 + (-17 - (-6 - 5))?
12
What is -16 - (34 + -20 + -32 - -52)?
-50
Evaluate (54 - 54) + (4 - 11) - -15.
8
What is the value of (-13 - 12 - (27 - 28 - 53)) + (9 - 1)?
37
What is (-6 - (-21 - -5)) + (-35 - -15) + -34?
-44
Evaluate (1 + -3 - (1 + (0 - -1))) + (12738 - 12782).
-48
What is the value of (24 + -12 - 8) + 1 - (-12 + 0)?
17
What is -28 + -52 + (-31 - -140)?
29
What is (16 + (9 - 10 - (6 + -2)) - 2) + -31?
-22
Calculate (-5 - 6) + (0 - 6) + 77.
60
What is (34 + -40 + 13 - (1 - -9)) + 24?
21
-15 + -7 + 7 + (11 - ((8 - 2) + 4))
-14
What is 1 - 18 - (261 - 273) - (-8 + -2)?
5
What is -1 + 34 + (2020 - 2047) - (1 - 32)?
37
-478 + 501 + -2 + -17 + -7
-3
What is the value of 1 + 20 + 1190 + -1236?
-25
Calculate 7 + -55 + 152 + -152.
-48
Calculate -53 + 120 + -63 + -3 + -49.
-48
Calculate (-31 - -12 - (-1 + -37)) + -35.
-16
What is 41 + (-33 - -61 - 24 - 21)?
24
-39 - (-26 - -2 - -14)
-29
What is the value of (-27 - 1 - -1) + -298 + 299 - (-8 - -18)?
-36
Evaluate 3 + -19 - (-60 + -50 + 128) - -23.
-11
What is 70 + -32 + -5 + 25?
58
What is 22 - 19 - (5 - 10 - (2 + 1))?
11
Evaluate -40 + (41 - 21) + 33.
13
What is the value of (59 - (50 - 3)) + -37 + (1 - -1)?
-23
What is 31 + -127 + 112 - 93?
-77
37 + -77 + (-27 - -32)
-35
Evaluate (27 - 10) + (-16 - (-27 + -2)).
30
What is (-3 - (-12 + 0 - -8)) + 7 - 65 - -5?
-52
What is the value of (-3 - -3) + -9 + (-26 - 13 - -44)?
-4
Evaluate -53 - (-49 + 48 + -3).
-49
What is -17 - ((1 - -11) + (-27 + (12 - 7) - 0))?
-7
Evaluate (0 + 0 - (184 - 195)) + 92.
103
(8 - (-12 - -12)) + 35
43
Evaluate (-1 - 26 - (-10 - (-27 + 35))) + -32.
-41
What is 89 + -92 - (2 + -22 + 9)?
8
Calculate -219 + 96 + -48 + 81.
-90
Evaluate -35 + (-62 - -142) + -11 + -131.
-97
What is the value of -4 + 12 - (24 + -8) - -17 - 1?
8
Evaluate (18 - (1 - 5)) + (9 - 22) + 10 + 4.
23
Evaluate -95 - (124 + -114 - -15).
-120
(-11 - (-8 + -6)) + (9 + -6 - 8) + -10
-12
(54 - 61) + (-7 + 131 - 18)
99
What is 29 + -9 - -4 - (-10 - -7 - -8)?
19
What is (306 - 294 - (7 - (0 - 1))) + -7 - -1?
-2
49 - (-15 + (4 - 3) - (11 - 15))
59
Calculate 47 + -12 + -28 + -5.
2
Calculate -60 + 39 + 16 + 13.
8
Evaluate (-64 + 34 - -4) + -17.
-43
Evaluate (8 - ((1 - 11) + -3)) + 6 - -13.
40
Evaluate 3 + -29 + -14 + -20 + 32.
-28
What is the value of (9 - (-2 + 0)) + (-73 - (-83 + 41))?
-20
What is the value of (-3 - -3) + -57 + 59 + (-13 - (3 - 5))?
-9
Calculate 1 + 97 - (-110 + 12 + 49 + 26).
121
16 - ((32 - (27 - 46)) + -41)
6
What is (17 - -22) + -55 + 30 - (1 + 0 - 89)?
102
-9 + (29 + -41 - (0 - -10 - (-28 - -30)))
-29
What is the value of -20 - (-18 + 37 + (-47 - 4))?
12
What is the value of -35 + -13 - (21 - (1 - -2))?
-66
Evaluate (51 - (-20 - -33)) + 4 - (18 - 1).
25
Evaluate -19 + (2 - (-2 + -2)) - -3 - 23.
-33
Calculate 51 + (-8 - (-16 - (-16 - (11 - 12) - -9))).
53
Evaluate 10 - 1 - ((-81 - (-116 + -8)) + 16).
-50
What is 313 + -355 - (-5 + 2 + 54)?
-93
(-10 - -1 - -8 - 15) + 10 + -67
-73
-8 - ((-192 - -110) + -1 + -3) - (-37 - -29)
86
What is the value of -38 - (-7 - (72 + -44))?
-3
Evaluate (-2 - -15) + -2 - (-10 + (-2 + -7 - 13)).
43
Calculate 16 + (-72 - -70 - 19).
-5
Evaluate 2 + (655 - 664 - (-1 - -19)).
-25
What is 10 + 0 + (1 + 10 - (7 + 6))?
8
Evaluate 45 - 72 - (4 + (-1 - (2 - 3))).
-31
Calculate (-47 - -98) + 14 + 12.
77
7 - (-1 + (10 - 10) + -2 + -8 + 48)
-30
Evaluate (105 - 46) + 33 + -66.
26
What is -30 - ((21 - -68) + -69)?
-50
2 - (29 - (-18 + 17 + 12)) - (-2 + 1)
-15
12 + 38 + -134 - -36
-48
Evaluate -92 - (-3 + 19 - 97).
-11
What is -24 - (-12 + 31 + 41 + -25)?
-59
Evaluate 12 + -54 + 116 - 98.
-24
Calculate 8 + (13 + (-57 - -2) - 9).
-43
What is the value of 4 + (0 - -3) + (-11 - (-17 + 7 + 53))?
-47
Calculate (-167 - -167 - (1 - 2) - 14) + (76 - 1).
62
Evaluate 22 - ((1 + 19 - (12 - 5)) + 124).
-115
Calculate -1 + -14 + (20 + -40 + 4 - -13) + 9.
-9
90 - 88 - (0 - ((-8 - 13) + 3))
-16
Evaluate (-53 - (-45 + 10)) + (1 - 3) + -2.
-22
Calculate (0 - 66) + -15829 + 15815.
-80
What is the value of 63 + (-82 - -6) - 0?
-13
What is 40 - (2 + 0) - (-1169 + 1163)?
44
Evaluate -19692 - -19753 - (5 - (-1 + (-1 - -3))).
57
Calculate (-30 + 13 + 14 - -10) + -23 + 21.
5
What is 29 + (-37 - (-9 + 39))?
-38
What is (-8 - -4) + (21 - 21 - -10) + (-10 - 1)?
-5
Calculate (72 - 54) + 20 + -75.
-37
What is the value of (-1 - -4 - 0 - -22) + (2 - (-23 - -33))?
17
Evaluate -12 + (-17 - -17 - -19) - -32.
39
What is 25 + -20 + 1 - -11 - -4?
21
8 - (-33 + 11 + (2 - 3) + 9 - -8)
14
Evaluate 1763 + -1705 - (0 - -67).
-9
What is the value of -13 - (-821 - -840 - (0 + 14))?
-18
Calculate 30 + 63 + (-6 - (-9 + -1 + 7)).
90
What is (17 - 10 - 69) + 12 + (-31 - -2)?
-79
What is the value of (3 - (-82 + 67)) + -81?
-63
What is the value of (8 - (-4 + 6 + -9 + (11 - 1))) + -14?
-9
Calculate -7 + (-29 - (-45 - -21 - 24)) + (2 - -5).
19
Calculate 39 + (-13 + -1 - -33 - 16).
42
-103 + (2 - 2 - -19) + 2
-82
Calculate 79 + (4 - 38 - (361 - 417)).
101
What is 44 + 19 + (16 - 28) + -5?
46
What is the value of -94 + (68 - (69 - -9)) + (1 - (-14 - -3))?
-92
Evaluate (-12 - (15 + (4 - (62 + 10)))) + 13.
54
What is -42 - (10 - (-9 + 9 + 10 + -10))?
-52
What is the value of 3185 - 3124 - (0 - -3)?
58
-4 + (117 - 53 - 39)
21
What is the value of -4 + -237 + (-1186 - -1350)?
-77
Evaluate (33 - 50) + -31 + 100.
52
What is the value of -28 + 42 + 2 + -23 - (-22 + -12)?
27
Evaluate 39 - (3 + 25 + -28) - 15.
24
What is the value of 2 + 91 - (1160 - 1061)?
-6
6 + -10 - (104